 -2*d - 8 = f*c, 4*c - 3*d = 2*c + 2. Let p(z) be the second derivative of z**4/6 - z**3/6 - z**2/2 - z. What is p(c)?
9
Let f(x) = -x**2 - 5. Let v(b) = -3*b**2 + b - 15. Let s(p) = 11*f(p) - 4*v(p). Let u be 1/(3/(-36)*-3). Give s(u).
5
Let i be -3*(-5)/3*-1. Let s(x) = 6*x**2 - 5*x + 3 + 0*x - 2*x**2 + 4*x**3 - 3*x**3. Give s(i).
3
Let z(c) = 0*c - c - 2 + 4. What is z(3)?
-1
Let w(m) = -m**2 - 6*m + 2. Let a be w(-6). Suppose 0 = a*z - 5*z + 6. Let l(t) = -t**z - 5*t**3 - 3*t + 4*t**3 + 2*t. Give l(0).
0
Let s(k) be the second derivative of -k**6/360 - k**5/30 + k**4/24 + k**3/3 - 6*k. Let z(v) be the second derivative of s(v). Determine z(-3).
4
Let p(h) = -4*h. Let o = -52 + 49. Calculate p(o).
12
Let w(z) = -5*z**3 - 1. Suppose -5*f - 16 = -1. Let g be -3*(-7)/(42/4). Let p = g + f. Calculate w(p).
4
Suppose 9*n - 123 = -60. Let r(u) = -u - 1. Let h(t) = 3*t + 7. Let g(y) = h(y) + 4*r(y). What is g(n)?
-4
Let l(w) = -4*w**2 + 2*w**2 - 2*w**2 - w**3 + 2 + 6*w. Let i be -2*5*5/10. Determine l(i).
-3
Let q(y) = -y**2 - 2*y + 2. Let g(x) = 2*x**2 + x - 2. Let a(w) = 2*g(w) + 3*q(w). Let h be (6/(-4))/(6/(-16)). Give a(h).
2
Let s be (-6)/(-2) + (-40)/4. Let t(r) = -r**3 - 7*r**2 + r - 2. Determine t(s).
-9
Let j(r) = r**3 - 9*r**2 + r + 3. Let c be j(9). Let k be 8/12*c/8. Let f(d) = -11*d**2 - d + 1. Calculate f(k).
-11
Let p(g) = g**2 - 27*g - 3. Let n be p(27). Let f(y) = -y. Calculate f(n).
3
Let q = -53 - -56. Let b(f) = f**3 - 3*f**2 + f - 4. Let g(a) = -a. Let z(j) = -b(j) - g(j). Calculate z(q).
4
Let n(v) be the second derivative of -v**5/20 + v**4/3 + v**3/3 - 2*v**2 + 10*v. Give n(4).
4
Let w be ((2 - 4) + 1)*1 - 1. Let m(l) = -3*l + l + l. Calculate m(w).
2
Let s(r) = r + 1. Let f(m) = -m - 9. Let j(y) = f(y) + 4*s(y). What is j(4)?
7
Let c(t) = t**2 + 3*t - 1. Let m(p) = -p**3 - 5*p**2 + 8*p - 5. Let z be m(-6). Let s = z - -14. Calculate c(s).
-1
Let o(a) be the second derivative of a**4/12 - a**3/6 - 8*a. Calculate o(-2).
6
Suppose -12 = -5*r + 8. Let u(t) = -3 + 2*t - t + 0*t. Calculate u(r).
1
Let b = -24 + 29. Let a(m) be the third derivative of -1/6*m**3 + 0*m - 1/20*m**b + 1/8*m**4 + 0 + 2*m**2. What is a(2)?
-7
Let h = 14 - 15. Let w(m) = m**3 - m. Let y(f) = f**3. Let a(g) = -w(g) - y(g). Determine a(h).
1
Suppose 0 = -2*v + 5*v. Suppose -5*s + 4*h - 11 = v, 0 = -h - 0*h + 4. Let q(d) = -3*d - 1. Let x be q(s). Let f(i) = -2*i - 4. Give f(x).
4
Let c(a) be the second derivative of a**4/12 + a**3/6 + 7*a. Calculate c(0).
0
Let n = 9 - 5. Suppose -n*m = -m - 12. Let b(w) = -w**2 + 3*w - 1. Determine b(m).
-5
Let i(z) be the second derivative of -3*z**3/2 + z**2/2 - 10*z. Determine i(-2).
19
Suppose -5*i - 6 + 1 = 0. Let u = 6 + i. Let o(k) = k**2 - 3*k - 5. Give o(u).
5
Suppose -5*m + 25 = 4*t, -3*m - 8 - 9 = -4*t. Let i(o) be the second derivative of 4*o**3/3 - o**2/2 + o. Let s(v) = v. Let f(u) = -i(u) + s(u). Determine f(m).
-6
Let w(i) = 23*i - 3*i**2 + 2*i**2 - 3 - 18*i. Calculate w(3).
3
Let n(w) = -4*w**3 + w**2 - 2*w + 1. Let s be (-3 - -2) + -3 + 5. What is n(s)?
-4
Let w(h) = -18*h + 4 + 11*h**2 - 4 + 20. Let r(k) = -7*k**2 + 12*k - 13. Let n(o) = -8*r(o) - 5*w(o). What is n(4)?
-4
Let y(n) = 2*n**2 + 2*n + 2. Let s = -19 + 22. Let w = s - 5. Give y(w).
6
Suppose 6*m = 3*m - 12. Let z(t) be the first derivative of -3*t**2 + 1 + 1/4*t**4 + t**3 - 4*t. What is z(m)?
4
Let m(h) = -h**3 - 4*h**2 - h + 5. Let f be -3 + 2 + 0 - -4. Let c = f - -23. Suppose c = -5*q + 6. Calculate m(q).
9
Let p(d) be the second derivative of -1/3*d**3 + 0 + d**2 + d. Let w = -10 + 14. Determine p(w).
-6
Let o(a) = 2*a + 1. Let g be 4/(-3)*3/(-2). Let p be g/(-4) - 10/4. Let u = p - 0. What is o(u)?
-5
Let b be ((-9)/3 + 5)*4. Let r = 15 - b. Let h(s) = -s**2 + 7*s - 6. What is h(r)?
-6
Let l(k) = k**3 + 7*k**2 - 9*k - 4. Let o be l(-8). Suppose -g - 4*b - 5 = 2, o*g - b = -11. Let i(v) = -v**2 - 3*v - 3. Give i(g).
-3
Let m(x) = -2*x + 1. Let v = 2 - 1. Let q(y) = y. Suppose 0 = 2*c - 6*c + 12. Let h(o) = c*q(o) + v*m(o). What is h(-3)?
-2
Let b(z) = 4*z**3 - 25*z**2 - z - 5. Let q(t) = -t**3 + 6*t**2 + 1. Let p(k) = 2*b(k) + 9*q(k). Determine p(2).
3
Let z(y) = y - 4. Let m be z(4). Let o(c) = -c**2 - c - 12. Give o(m).
-12
Suppose -5*n - 4*p + 16 = 0, -3*n - 3*p + 9 = -0*p. Let a(r) = r - 3. Determine a(n).
1
Let w(o) = -o**2 + 9*o - 9. Suppose -3*i - 2*i = 0. Suppose i = a - 3*s - 6 - 1, 28 = 4*a + s. What is w(a)?
5
Let m(g) = 2 - 7*g + g + 3*g. Determine m(2).
-4
Let z(b) = -2*b**3 - 2*b**2 + b. Suppose -i - 2*v = -3, 3*v = 2*i - 5*i + 6. Give z(i).
-3
Let d(a) be the first derivative of -a**3/3 + 5*a**2/2 + 3*a + 49. Give d(6).
-3
Suppose 1 = 4*c + 17. Let k(v) = 2*v - 4*v**2 - v**3 - 39 - 4*v + 36. Determine k(c).
5
Suppose 7*t - 22 - 13 = 0. Let h(d) = -d**3 + 6*d**2 - 5*d - 3. Calculate h(t).
-3
Let i(z) be the third derivative of -z**8/20160 + z**7/2520 + z**5/20 - 5*z**2. Let y(l) be the third derivative of i(l). Determine y(2).
0
Let l(k) = -66*k**2 + 20 + 65*k**2 - 17 - k. Let f be 2 - 1/2*10. Give l(f).
-3
Suppose -2*l = 0, -8 = 3*k - 2*k - 5*l. Let d(a) = -3*a - 2. Calculate d(k).
22
Let t(x) = 3*x + 3. Let g(p) = 3*p - 3. Let a(l) = -2*l + 2. Let d(k) = -4*a(k) - 3*g(k). Let u(y) = 2*d(y) - t(y). What is u(-1)?
4
Let a(d) be the third derivative of d**4/8 + d**3/3 - 17*d**2. Calculate a(4).
14
Let t(j) = 8 - 1 + 2 - 3*j + j. Determine t(6).
-3
Let k(v) = 6*v + 1. Let a(f) = -3*f - 5. Let o(p) = 4*p + 4. Let y(w) = -3*a(w) - 2*o(w). Let q be y(-8). Give k(q).
-5
Let h(b) be the second derivative of b**3/3 + 9*b. Give h(5).
10
Suppose j - 5*k = -24, -24 = 2*j + j - 3*k. Let y(l) = l**3 + 5*l**2 + 2*l - 4. What is y(j)?
4
Let y be ((-18)/(-21))/(1/(-7)). Let h(d) = -d**3 - 7*d**2 - 8*d - 9. Determine h(y).
3
Let p(u) be the third derivative of 5*u**4/24 + 6*u**2. Determine p(1).
5
Let k(j) = j - 14. Let c be 5/25 - (-1)/(-5). Determine k(c).
-14
Let g(p) = -2 + 15 - 8 + p. What is g(-4)?
1
Let x(z) = -2*z**2 + 6*z - 2*z + 2 - z**3 - z. Let t(i) = -i**2 + 3*i + 7. Let c be t(5). Calculate x(c).
2
Let h be (-4)/6 + (-32)/6. Let q(c) = -c**3 - 2*c**2 - 6*c + 10. Let g(w) = w**2 + 1. Let y(z) = -5*g(z) + q(z). Calculate y(h).
5
Suppose 9*k + k - 70 = 0. Let b(g) = -g**2 + 7*g - 8. What is b(k)?
-8
Let a = -2 + 3. Let g be (-4)/(-6) - (48/(-9) - -3). Let t = g - a. Let i(s) = -2*s - 1. Give i(t).
-5
Let v be ((-8)/(-6))/(10/(-30)). Let u(r) = 16*r + 56. Let z(q) = -3*q - 11. Let o(p) = -2*u(p) - 11*z(p). Give o(v).
5
Let m = -5 + 7. Suppose -3*n + 2*n = -2. Let y(o) = n*o + 3 + 0 - m. Give y(1).
3
Let t(v) = -v**3 - 3*v**2 + 4. Let w = -10 - -14. Let c be 5 - (-1)/(-1 - 0). Suppose -2*k + 32 = -6*k + c*m, -w*m + 29 = -3*k. Calculate t(k).
4
Suppose 2*h = -10, 3*a + 7 = -0*a - 2*h. Let y be (10 - 7)/(-1*a). Let k(s) = -2*s**2 - 3*s + 2. Determine k(y).
-7
Suppose 0*t = t - 3. Suppose -5 = t*u + 5*o + 3, -2*o = -4*u - 2. Let i(s) = -4*s**2. Determine i(u).
-4
Let i be 6/3 + -1 + -2. Let g(b) = -1. Let m(o) = o + 8. Let k(w) = i*m(w) - 4*g(w). Suppose 3*z = 2*a - 15, -z + 15 = -2*a - 4*z. Determine k(a).
-4
Suppose -2*s = s. Let y = s + -2. Let p(d) be the first derivative of d**4/4 + 2*d**3/3 + d**2/2 - 2*d - 2. Give p(y).
-4
Let i(d) be the third derivative of d**4/8 + 5*d**3/3 + 17*d**2. Calculate i(-7).
-11
Let j be 18/7 - (8/14 + 0). Let o(v) = -v**2 + 2*v - 3. Determine o(j).
-3
Let h(d) = d + 2. Let r be (3 - (-2 + 3)) + -6 + 4. What is h(r)?
2
Let g(h) = -h**2 - 7*h - 4. Let n be (10/3)/(4/(-6)). Let u be g(n). Let r(c) = 1 - 3*c**3 - 6*c**2 - 4 + 4*c**3. What is r(u)?
-3
Let s(o) = -o**3 + 11*o**2 - 8*o - 9. Let p be s(10). Let f(y) = -9*y**2 - 12*y + 12. Let u(a) = 5*a**2 + 6*a - 6. Let l(k) = p*u(k) + 6*f(k). What is l(5)?
1
Let m(d) = -4*d**2 - 10*d - 3. Let p(t) = 5*t**2 + 11*t + 2. Let h(o) = 4*m(o) + 3*p(o). Suppose -4*c - 3 = 13. Calculate h(c).
6
Suppose 2*r = 3*h + 15, -r + 5 = -4*h - 10. Let m(l) = 2*l**3 + 3*l**2 + 5*l**2 - l**3 + 4*l - 3*l**2 + 2. Give m(h).
8
Let o(x) = -2*x**3 - x**2 - x - 1. Let s = -14 - -13. Determine o(s).
1
Let g(i) be the first derivative of 7*i**3/3 + i + 13. Calculate g(-1).
8
Let j(w) = -2 + 3*w + w**2 - 2*w + 2*w + 0. Let m(k) = -2*k**2 - 3*k + 2. Let z(h) = 3*j(h) + 2*m(h). 